- 3. Let p be x(-6). Calculate the highest common factor of p and i.
3
Suppose 0 = -16*p + 18*p + 5*f + 13, 0 = 5*f + 15. Let u be 1568/140*((-39)/(-6) + p). What is the highest common factor of 56 and u?
28
Let r = -10494 - -10530. What is the highest common factor of 450 and r?
18
Suppose -4*q + q - 5*s - 1 = 0, 5 = q - s. Suppose 4 = q*n - 5*n. Let m be 3/(n + -1)*-2 - -22. What is the greatest common divisor of m and 192?
24
Let n = -4999 - -5167. What is the greatest common divisor of n and 378?
42
Let o(u) = 14*u**2 + 146*u - 31. Let i be o(-11). Suppose -3*h = -0*h - 33. Let n = i + h. What is the greatest common factor of 17 and n?
17
Let u = -14573 + 14612. Calculate the highest common factor of u and 1833.
39
Let d(b) = -b**3 - 7*b**2 - 6*b + 13. Let s be d(-6). Let g = -370 + 526. Suppose -k + g = 5*k. Calculate the greatest common factor of s and k.
13
Let b(w) = w**2 + 12*w - 15. Let p be (-370)/25 + 2/(-10). Let s be b(p). Let a = -36 + 42. What is the greatest common divisor of s and a?
6
Suppose 4*g - 7*n - 2030 = 2537, 4*g + 3*n - 4557 = 0. Calculate the greatest common factor of 96 and g.
12
Let b be (-25)/(-7) - (-219)/511. Let y(t) = 4*t**3 + 6*t**2 - 4*t. Let z be y(b). Calculate the greatest common factor of 21 and z.
21
Let j = -77 + 92. Suppose -t + 5*o = -62, 2*o + 9 = j. What is the greatest common divisor of 33 and t?
11
Let c(l) = -l**3 - 7*l**2 + 55*l - 54. Let p be c(-12). What is the greatest common divisor of 4044 and p?
6
Let n = -502 + 99. Let x = n - -405. Calculate the highest common divisor of x and 2.
2
Suppose -2*v + 144 = -3*v - 2*b, -3*b + 274 = -2*v. Let f = v - -160. Let z be (-108)/(-14) + 4/14. Calculate the greatest common divisor of z and f.
4
Suppose -6*d + 499 = -443. Suppose -u = 3*c - 26, -5*u + d = 2*c + 1. Calculate the greatest common divisor of 16 and u.
16
Suppose 0 = -65*x + 90*x - 14275. Let g = x + -415. Calculate the highest common divisor of g and 48.
12
Suppose 0 = -p + q + 157, -p + 3*q = -38 - 121. Let x be (64/(-10) + 6/15)*-2. Calculate the highest common factor of x and p.
12
Suppose -3*u - 5*b - 3 = 0, -3*u + 7 + 17 = -4*b. Suppose -221*j + 222*j = 8. Suppose u = n - j. What is the highest common factor of 36 and n?
12
Let f(z) = -16*z + 195. Let p be f(10). Suppose 14*x = 9*x + p. What is the highest common divisor of 77 and x?
7
Suppose 7*m + 5383 = 17423. Calculate the greatest common divisor of m and 16.
8
Let n(a) = -22*a - 40. Let j(i) = -7*i - 13. Let q(g) = -7*j(g) + 2*n(g). Let z be q(17). Suppose 2*v = 34 + z. What is the highest common divisor of 26 and v?
13
Let s(d) = -d**3 - 11*d**2 - 33*d - 15. Let g be s(-5). Suppose g = -15*b + 21*b - 2496. Calculate the highest common divisor of b and 13.
13
Let h be 18 + (-112)/14 + 18. What is the greatest common factor of 20412 and h?
28
Suppose 8*t + 14616 = 13*t - 3*t. Calculate the highest common divisor of t and 232.
116
Let r = 589 - 497. Calculate the greatest common factor of 1794 and r.
46
Let f be -1 + 1 - -72 - 0. Suppose 2*c = 3*w + 38, 2*c - 7*w = -2*w + 42. Let l be (c*(-2)/14)/(14/(-49)). Calculate the greatest common factor of l and f.
8
Suppose 187*c - 73150 = 130680. Calculate the greatest common factor of 30 and c.
10
Let w = 40 + -36. Let o be 0*2/w*1. Suppose -3*p + 33 = -o. What is the greatest common factor of p and 88?
11
Suppose 509 - 53 = 3*n. Suppose -4*i = 2*q - 158, 0*i + 4*q + n = 4*i. What is the highest common factor of i and 312?
39
Let u be 9 - ((-20)/35)/(2/(-28)). What is the greatest common divisor of u and 149?
1
Let x(s) = -166*s**2 - 3*s + 4. Let a be x(1). Let t be 1452/a*(-15)/2. Let z = t + -58. What is the highest common divisor of 8 and z?
8
Let l = 270318 + -270255. Let p(b) = -3*b + 2. Suppose -3*t - 4*v - 12 = 0, 5*t + 21 - 1 = v. Let u be p(t). What is the greatest common divisor of l and u?
7
Suppose 4*t + 127 = 5*y + 42, 2*y - 4*t = 22. Suppose -3*a + 331 = -110. Let m be (-8)/1*a/(-28). What is the highest common divisor of m and y?
21
Let z be (-14)/(-4)*560/392. Let d(j) = -6*j - 5. Suppose -2*o = -4, 5*x - 13 + 48 = 5*o. Let y be d(x). What is the highest common divisor of y and z?
5
Suppose -65*q - 162*q + 15892 - 1137 = 0. What is the greatest common divisor of 8333 and q?
13
Suppose -3683 - 5803 = -153*t. Calculate the greatest common factor of t and 6913.
31
Let u = 2119 - 1307. Calculate the greatest common factor of u and 84.
28
Let t(h) be the second derivative of 11*h**3/6 + 99*h**2/2 + 3*h + 7. Let w be t(-7). Calculate the highest common factor of 286 and w.
22
Let f be (0*(-3)/(-12))/(-2). Let v be 3 - 0 - f - -98. Let w = -72 + v. What is the greatest common factor of 319 and w?
29
Suppose 5*i + 2*v - 1180 = i, -4*i - 3*v = -1182. What is the highest common divisor of 4 and i?
2
Let p(v) = 19*v**2 - 44*v + 36. Let b be p(12). Calculate the greatest common divisor of 660 and b.
132
Suppose 4*x = -1 + 17. Let r be 0/(12/x) - -10. Suppose 3*u - 83 = 5*l + 127, -2*l = 0. What is the highest common divisor of u and r?
10
Let r = -99 - -78. Let c be 9/21 - 54/r. Let n be ((-4)/6)/(c*6/(-297)). What is the highest common factor of n and 198?
11
Let s = 822 - 692. Let v be 156/(-117) + s/3. What is the greatest common factor of v and 1218?
42
Suppose 0 = 3*d - 380 + 110. Let a be (-10224)/d + (-3)/(-5). Let f = a - -127. What is the highest common divisor of 7 and f?
7
Suppose -281*x - 4*c - 249 = -282*x, 5*c + 768 = 3*x. What is the highest common factor of 145 and x?
29
Let b(s) = -s**3 + 73*s**2 + 70*s + 320. Let i be b(74). Let u be (-1 + 4)*1 - 12. Let x be -1 - -216 - u/9. What is the highest common factor of x and i?
24
Let u(n) = -n**2 + n. Let w be u(0). Suppose 825 = 5*f - w*f. Suppose 0 = -4*l + 83 + f. What is the greatest common divisor of l and 155?
31
Let h be (3/(-4)*15)/(8/(-192)*2). What is the highest common factor of h and 837?
27
Let x(f) be the second derivative of -f**4/12 - 3*f**3 + 34*f**2 - 91*f. Let g be x(-21). What is the highest common factor of 575 and g?
5
Let v(l) be the second derivative of 7/6*l**3 + 3*l**2 + 34*l + 0 + 67/12*l**4. Let m be v(-1). Calculate the highest common divisor of 6 and m.
6
Let z(a) = 53*a - 323. Let t be z(8). Let l = 205 + -98. Let p = l - t. What is the greatest common factor of p and 54?
6
Suppose 445 - 57476 = -88*h + 10289. What is the greatest common factor of h and 9?
9
Suppose 0 = 3*i + 5*y - 673, 527*i = 528*i + y - 221. Calculate the highest common divisor of i and 13932.
108
Suppose -5*p - 4*v - 976 = -3438, -5*p + 2466 = 2*v. What is the highest common divisor of 1672 and p?
38
Let i(w) = 2*w**2 - 3*w + 7. Let q be i(4). Suppose 0 = -6*h + 8*h. Suppose h = -q*u + 22*u + 15. What is the greatest common divisor of u and 15?
3
Let k = 816 + -449. Suppose -9*v + k = 61. Suppose -4*d - d - 2*r + 425 = 0, 4*r = 0. What is the greatest common factor of d and v?
17
Suppose 0 = -4*l - 3*q + 249, -5*q = -0*l + 2*l - 135. Calculate the greatest common factor of l and 156.
12
Let q be (-140)/(-20) - (3*2)/(9/(-282)). Calculate the highest common divisor of 1590 and q.
15
Let f(o) = -2*o**2 - 49*o - 20. Let w be f(-4). What is the greatest common factor of w and 387?
9
Suppose -12410 = -214*c - 516*c. Let q(o) = 17*o. Let m be q(5). Calculate the highest common factor of m and c.
17
Let m(z) = z**2 - 33*z - 15. Let t be m(30). Let i = -55 - t. What is the highest common factor of 150 and i?
50
Suppose -2275 = -440*v + 445*v. Let z be (65/v)/(1/(-469)). Calculate the greatest common factor of z and 1139.
67
Suppose 1029*k = 1024*k + 4*m + 17, 3*m = -3*k - 6. What is the greatest common divisor of 739 and k?
1
Let g = -143 - -208. Let u be (-5 - 7)*(4 + (-42)/12). Let z be (u/(-6) + -4 - -1) + 15. Calculate the greatest common divisor of z and g.
13
Let w(h) be the second derivative of h**4/12 + 7*h**3/2 + 21*h**2 - 12*h. Let c be w(-19). What is the greatest common divisor of 9 and c?
1
Let r = -32 + 46. Suppose -r*z + 27*z = 650. What is the greatest common factor of z and 650?
50
Suppose -4*l = -668 + 116. Let b = -793 - -885. Calculate the greatest common factor of l and b.
46
Let t = -12 + 27. Suppose 3*u - t*a - 4 = -16*a, -6 = -u + 2*a. Suppose 0 = y + 2 - 3. What is the highest common factor of u 